digit of 72965067?
0
What is the millions digit of 26973584?
6
What is the units digit of 177736306?
6
What is the ten thousands digit of 2320067799?
6
What is the units digit of 2720284446?
6
What is the ten thousands digit of 47449381?
4
What is the ten thousands digit of 877434012?
3
What is the hundred millions digit of 173117180?
1
What is the tens digit of 32832592?
9
What is the units digit of 122909689?
9
What is the hundred millions digit of 1378612623?
3
What is the hundred thousands digit of 2450046833?
0
What is the millions digit of 729800408?
9
What is the units digit of 671983330?
0
What is the tens digit of 215297171?
7
What is the hundred millions digit of 100096608?
1
What is the thousands digit of 65333434?
3
What is the hundred thousands digit of 1997577297?
5
What is the tens digit of 72758245?
4
What is the ten thousands digit of 52616102?
1
What is the ten millions digit of 39521727?
3
What is the tens digit of 103388436?
3
What is the tens digit of 2513044907?
0
What is the millions digit of 2935737?
2
What is the ten millions digit of 108899902?
0
What is the hundred millions digit of 1936689845?
9
What is the millions digit of 188704431?
8
What is the hundred millions digit of 122031685?
1
What is the hundred thousands digit of 24385410?
3
What is the ten millions digit of 879756554?
7
What is the hundred millions digit of 153918443?
1
What is the hundred thousands digit of 71341237?
3
What is the units digit of 24156930?
0
What is the tens digit of 1267579777?
7
What is the hundreds digit of 1751523327?
3
What is the thousands digit of 56555078?
5
What is the hundred thousands digit of 25040543?
0
What is the hundreds digit of 1068361205?
2
What is the hundreds digit of 18751184?
1
What is the thousands digit of 2680693544?
3
What is the ten thousands digit of 97095789?
9
What is the ten millions digit of 58423910?
5
What is the ten millions digit of 5000033126?
0
What is the hundred millions digit of 272668865?
2
What is the tens digit of 279224759?
5
What is the millions digit of 1458766571?
8
What is the thousands digit of 17580920?
0
What is the units digit of 2248046891?
1
What is the ten millions digit of 181312453?
8
What is the hundred millions digit of 4002336050?
0
What is the hundreds digit of 363132908?
9
What is the hundred thousands digit of 4169854743?
8
What is the thousands digit of 1323711962?
1
What is the hundred thousands digit of 1188011224?
0
What is the hundreds digit of 4156616546?
5
What is the hundreds digit of 1834719?
7
What is the billions digit of 4822755963?
4
What is the tens digit of 17311587?
8
What is the millions digit of 51686812?
1
What is the units digit of 5755191562?
2
What is the tens digit of 25693526?
2
What is the ten thousands digit of 6153402?
5
What is the hundred millions digit of 2081582847?
0
What is the tens digit of 912650269?
6
What is the millions digit of 4821877433?
1
What is the thousands digit of 73953366?
3
What is the thousands digit of 21476027?
6
What is the millions digit of 48394737?
8
What is the units digit of 6663531400?
0
What is the ten thousands digit of 1676235476?
3
What is the tens digit of 212673387?
8
What is the millions digit of 180158963?
0
What is the millions digit of 177034136?
7
What is the ten thousands digit of 54508923?
0
What is the millions digit of 17834713?
7
What is the ten millions digit of 129171784?
2
What is the billions digit of 2288806696?
2
What is the hundreds digit of 1708859626?
6
What is the millions digit of 81048172?
1
What is the tens digit of 719550?
5
What is the ten thousands digit of 57884604?
8
What is the hundred millions digit of 151666711?
1
What is the tens digit of 374202196?
9
What is the ten thousands digit of 274450016?
5
What is the hundred thousands digit of 73871079?
8
What is the hundreds digit of 1031233491?
4
What is the hundreds digit of 30615768?
7
What is the millions digit of 2276048966?
6
What is the ten thousands digit of 31593976?
9
What is the hundred thousands digit of 914870664?
8
What is the billions digit of 1179297548?
1
What is the units digit of 678219761?
1
What is the tens digit of 756502474?
7
What is the thousands digit of 61917078?
7
What is the units digit of 395403009?
9
What is the hundred thousands digit of 682655702?
6
What is the ten millions digit of 4482960706?
8
What is the units digit of 22876702?
2
What is the ten millions digit of 2487955032?
8
What is the thousands digit of 176463102?
3
What is the tens digit of 2330614661?
6
What is the millions digit of 257783921?
7
What is the hundred millions digit of 121772754?
1
What is the thousands digit of 117269929?
9
What is the hundred millions digit of 4419241572?
4
What is the units digit of 404403159?
9
What is the ten millions digit of 1846411401?
4
What is the tens digit of 27419680?
8
What is the units digit of 1117507913?
3
What is the ten thousands digit of 126405434?
0
What is the ten thousands digit of 22749263?
4
What is the millions digit of 3202741841?
2
What is the hundred millions digit of 4196085085?
1
What is the millions digit of 2264082159?
4
What is the hundred millions digit of 4159361470?
1
What is the tens digit of 1142682035?
3
What is the units digit of 53655555?
5
What is the units digit of 30227816?
6
What is the hundred thousands digit of 19052730?
0
What is the hundred thousands digit of 151973962?
9
What is the ten millions digit of 520394293?
2
What is the ten millions digit of 504328494?
0
What is the millions digit of 3319373?
3
What is the hundred thousands digit of 946450167?
4
What is the thousands digit of 526679214?
9
What is the millions digit of 170527601?
0
What is the millions digit of 6195703547?
5
What is the ten thousands digit of 253285355?
8
What is the thousands digit of 5781947891?
7
What is the hundred millions digit of 160269593?
1
What is the tens digit of 4303377627?
2
What is the tens digit of 92381162?
6
What is the hundred thousands digit of 56606857?
6
What is the ten thousands digit of 396354170?
5
What is the ten thousands digit of 52426921?
2
What is the hundreds digit of 236395670?
6
What is the millions digit of 877605548?
7
What is the hundreds digit of 141991435?
4
What is the hundred millions digit of 117804482?
1
What is the thousands digit of 169496785?
6
What is the hundred millions digit of 5124735859?
1
What is the hundreds digit of 2665639448?
4
What is the ten millions digit of 989278195?
8
What is the hundred thousands digit of 53952411?
9
What is the hundreds digit of 5964880035?
0
What is the ten thousands digit of 4528145208?
4
What is the units digit of 75595732?
2
What is the millions digit of 2686827160?
6
What is the ten millions digit of 840039779?
4
What is the thousands digit of 130107948?
7
What is the units digit of 39705609?
9
What is the ten millions digit of 2147765392?
4
What is the tens digit of 126086172?
7
What is the tens digit of 90516839?
3
What is the thousands digit of 792040044?
0
What is the hundred millions digit of 134895858?
1
What is the hundreds digit of 208460006?
0
What is the millions digit of 171192268?
1
What is the hundred millions digit of 141694373?
1
What is the hundreds digit of 37362136?
1
What is the units digit of 92511581?
1
What is the tens digit of 2755438781?
8
What is the tens digit of 1213639311?
1
What is the hundreds digit of 543453701?
7
What is the tens digit of 335520460?
6
What is the hundred millions digit of 1895162277?
8
What is the hundreds digit of 50295909?
9
What is the hundred thousands digit of 432396704?
3
What is the hundred millions digit of 896259788?
8
What is the hundred thousands digit of 15445608?
4
What is the units digit of 68389308?
8
What is the units digit of 12659727?
7
What is the millions digit of 11758647?
1
What is the hundreds digit of 3259397037?
0
What is the ten thousands digit of 65039219?
3
What is the millions digit of 117132577?
7
What is the thousands digit of 194618980?
8
What is the units digit of 142379779?
9
What is the thousands digit of 9621078583?
8
What is the hundreds digit of 3734140143?
1
What is the hundreds digit of 137869176?
1
What is the thousands digit of 281100961?
0
What is the hundreds digit of 368175942?
9
What is the hundred tho